38a (base 11) to base 10.
8447
Convert -46 (base 16) to base 8.
-106
-1506 (base 11) to base 5
-30232
Convert 567 (base 9) to base 15.
211
22132211 (base 4) to base 13
166c4
What is 572 (base 11) in base 13?
408
What is -23a03 (base 13) in base 4?
-33331332
Convert -106701 (base 8) to base 2.
-1000110111000001
530 (base 7) to base 11
222
8cac (base 15) to base 13
10791
Convert -224233 (base 5) to base 7.
-32344
What is -5076 (base 10) in base 13?
-2406
What is -10a3 (base 15) in base 6?
-24200
What is 2591 (base 10) in base 5?
40331
What is 5302 (base 7) in base 13?
b05
-276 (base 16) to base 14
-330
What is -76b (base 12) in base 3?
-1111102
What is 1747 (base 13) in base 15?
1044
What is -795 (base 12) in base 13?
-683
What is -4532 (base 10) in base 2?
-1000110110100
-13339 (base 11) to base 14
-6d1d
-1561 (base 9) to base 16
-4a5
What is -31542 (base 9) in base 8?
-50567
Convert 22100222 (base 4) to base 2.
1010010000101010
What is -3431 (base 11) in base 2?
-1000110011111
Convert 7927 (base 11) to base 5.
313220
Convert -11000 (base 4) to base 12.
-228
Convert 30 (base 9) to base 14.
1d
What is 365 (base 8) in base 9?
302
110110010011 (base 2) to base 3
11202201
What is -38c8 (base 15) in base 4?
-2331101
What is 3020310 (base 5) in base 3?
2110010101
-4524 (base 6) to base 9
-1407
What is 27d (base 16) in base 9?
777
Convert 1070 (base 12) to base 3.
2111010
What is 510a (base 14) in base 4?
3121212
-7182 (base 14) to base 2
-100110000111110
-5119 (base 10) to base 9
-7017
3733 (base 8) to base 3
2202111
Convert 4432 (base 8) to base 12.
1422
-591 (base 10) to base 7
-1503
-c34 (base 16) to base 14
-11d2
What is -240 (base 8) in base 2?
-10100000
-249 (base 14) to base 5
-3312
4803 (base 11) to base 9
8564
What is 201326 (base 7) in base 13?
126bc
-19448 (base 10) to base 6
-230012
12631 (base 7) to base 8
6513
What is 32631 (base 7) in base 3?
102020220
-4114120 (base 5) to base 10
-66785
16164 (base 13) to base 2
1010010000001010
Convert 156 (base 15) to base 6.
1230
What is 166 (base 10) in base 6?
434
59 (base 10) to base 12
4b
-1152 (base 7) to base 11
-360
What is 17263 (base 9) in base 14?
448b
Convert -320220 (base 5) to base 4.
-2212331
What is -1b1d (base 14) in base 13?
-2320
Convert -337a (base 11) to base 5.
-120233
-b5 (base 14) to base 15
-a9
What is -10110020 (base 4) in base 16?
-4508
13017 (base 8) to base 6
42051
Convert 1000101001100 (base 2) to base 7.
15624
-331 (base 13) to base 11
-458
Convert 4042 (base 5) to base 9.
640
What is 33123 (base 4) in base 5?
12422
2444 (base 9) to base 5
24242
252312 (base 8) to base 16
154ca
2bbc (base 13) to base 11
48a6
What is -5cd (base 16) in base 11?
-1130
What is 1ab (base 15) in base 7?
1061
Convert 189 (base 14) to base 7.
632
-136 (base 13) to base 5
-1324
Convert -10110001010011 (base 2) to base 10.
-11347
Convert -1c7 (base 15) to base 16.
-19c
1001011 (base 3) to base 13
466
What is 133441 (base 5) in base 3?
21112120
What is -1001010101 (base 2) in base 9?
-733
Convert 100000000110 (base 2) to base 9.
2732
17e3 (base 15) to base 10
5163
11212221 (base 3) to base 8
6752
17143 (base 8) to base 11
5932
Convert 1033011 (base 4) to base 2.
1001111000101
1234302 (base 5) to base 3
1020101000
What is -2407 (base 14) in base 16?
-1887
692 (base 11) to base 9
1118
What is -10121212210 (base 3) in base 10?
-71355
-23140 (base 5) to base 10
-1670
1211 (base 5) to base 7
346
Convert -1303132 (base 4) to base 16.
-1cde
101c1 (base 14) to base 4
21131331
What is 280 (base 11) in base 4?
11022
What is 10001111100011 (base 2) in base 15?
2ac7
Convert 5540 (base 8) to base 12.
1828
What is 212 (base 15) in base 11?
395
What is 866 (base 16) in base 4?
201212
Convert -101000111 (base 2) to base 9.
-403
What is 101110100000 (base 2) in base 4?
232200
Convert -9e71 (base 16) to base 3.
-2001122021
-668 (base 9) to base 8
-1044
Convert -102120201 (base 3) to base 15.
-277d
-1201 (base 6) to base 4
-10201
What is -2653 (base 9) in base 7?
-5544
-330 (base 14) to base 16
-276
Convert -401 (base 11) to base 16.
-1e5
What is -9489 (base 13) in base 3?
-1001012120
What is 2b9 (base 15) in base 14?
328
Convert 61 (base 12) to base 9.
81
Convert -9318 (base 10) to base 14.
-3578
-10011111010 (base 2) to base 5
-20044
Convert 2130133 (base 5) to base 7.
210545
What is 74a (base 11) in base 6?
4101
What is -6af (base 16) in base 5?
-23321
Convert 46a (base 11) to base 5.
4220
What is 2011122 (base 3) in base 15?
708
What is 12154 (base 10) in base 7?
50302
-1132 (base 4) to base 16
-5e
Convert -511054 (base 6) to base 3.
-2001110021
-10010010110000 (base 2) to base 15
-2bb2
-1426 (base 8) to base 12
-55a
14e (base 15) to base 4
10223
What is 2042 (base 6) in base 7?
1223
-121022 (base 3) to base 6
-2012
155000 (base 6) to base 15
4826
-42634 (base 9) to base 4
-12320323
What is 1340 (base 6) in base 16?
15c
2055 (base 7) to base 13
43b
What is -23a (base 13) in base 15?
-1ac
What is -725 (base 12) in base 8?
-2015
-2996 (base 11) to base 5
-110411
2100 (base 9) to base 13
915
44b (base 12) to base 13
39b
Convert -390 (base 11) to base 3.
-122010
Convert -2501 (base 10) to base 9.
-3378
What is 8737 (base 9) in base 8?
14441
4781 (base 9) to base 8
6744
What is 15463 (base 10) in base 11?
10688
What is a874 (base 13) in base 3?
1012010022
70565 (base 9) to base 16
b537
What is 32dd (base 15) in base 3?
112210101
1000010000 (base 2) to base 14
29a
-1512 (base 16) to base 2
-1010100010010
Convert -77b (base 14) to base 5.
-21411
2529 (base 15) to base 14
2c54
Convert 767 (base 14) to base 3.
2000012
Convert 892 (base 10) to base 12.
624
5005 (base 11) to base 14
25da
770 (base 16) to base 14
9a0
-1323 (base 5) to base 7
-423
What is -4112133 (base 5) in base 2?
-10000001111101111
Convert 131035 (base 7) to base 3.
1020102221
What is -10171 (base 11) in base 4?
-3213320
-20001120 (base 3) to base 10
-4416
What is 16c6 (base 14) in base 4?
333332
28a14 (base 11) to base 10
41155
Convert -65354 (base 8) to base 12.
-13a10
Convert 1121202200 (base 3) to base 12.
16569
What is -11330 (base 4) in base 10?
-380
-314 (base 7) to base 14
-b4
What is -7963 (base 11) in base 8?
-24353
What is -3ae2 (base 15) in base 4?
-3010223
What is -21101121 (base 3) in base 12?
-3151
What is 23247 (base 8) in base 12?
5887
-10222120 (base 3) to base 13
-1425
What is -213f (base 16) in base 11?
-6438
Convert -18895 (base 11) to base 16.
-66f9
What is 150533 (base 6) in base 16?
3879
223515 (base 6) to base 8
45047
56c (base 16) to base 15
628
Convert -2506 (base 8) to base 11.
-1018
What is -231221 (base 4) in base 7?
-11342
17b5 (base 13) to base 2
110111001000
Convert -52b (base 13) to base 7.
-2400
Convert -68 (base 16) to base 3.
-10212
What is 53545 (base 9) in base 7?
205214
Convert 980 (base 13) to base 7.
4511
Convert 5433 (base 11) to base 5.
212200
What is 195 (base 16) in base 10?
405
-6247 (base 11) to base 9
-12318
Convert 1456 (base 7) to base 5.
4310
What is -10958 (base 10) in base 11?
-8262
Convert -2010123 (base 4) to base 2.
-10000100011011
What is -1001110011101 (base 2) in base 15?
-174b
Convert -1814 (base 9) to base 13.
-82c
Convert 1b169 (base 12) to base 7.
224346
What is -390 (base 11) in base 4?
-13032
Convert 114133 (base 5) to base 11.
3253
Convert 2ab7 (base 12) to base 11.
3868
Convert -220222201 (base 3) to base 4.
-10130221
What is 908 (base 12) in base 15?
5be
What is -2215 (base 8) in base 13?
-6b8
Convert a285 (base 11) to base 10.
13645
Convert -10031122 (base 4) to base 11.
-11a55
-4133 (base 5) to base 9
-663
-1100011000111001 (base 2) to base 6
-1030533
Convert 12032 (base 4) to base 5.
3043
1338 (base 10) to base 7
3621
What is -452 (base 6) in base 15?
-bb
Convert 620 (base 16) to base 9.
2132
-2002 (base 6) to base 2
-110110010
What is 2746 (base 10) in base 8?
5272
What is -2231101 (base 4) in base 7?
-44221
What is 11101111 (base 2) in base 11?
1a8
1010111010001 (base 2) to base 3
21122212
107 (base 16) to base 7
524
-10100101 (base 2) to base 6
-433
Convert -142311 (base 5) to base 4.
-1131010
885 (base 13) to base 12
a19
Convert -81019 (base 10) to base 2.
-10011110001111011
-54 (base 7) to base 6
-103
Convert 342 (base 9) to base 13.
188
2526 (base 7) to base 10
951
Conver